{"id":3,"date":"2025-05-21T21:07:23","date_gmt":"2025-05-21T19:07:23","guid":{"rendered":"http:\/\/protestants-haguenau.fr\/?page_id=3"},"modified":"2025-09-01T18:09:16","modified_gmt":"2025-09-01T16:09:16","slug":"politique-de-confidentialite","status":"publish","type":"page","link":"https:\/\/protestants-haguenau.fr\/index.php\/politique-de-confidentialite\/","title":{"rendered":"Politique de confidentialit\u00e9"},"content":{"rendered":"\n<h2 class=\"wp-block-heading\" id=\"1-identit-du-responsable-de-traitement\">Identit\u00e9 du responsable de traitement<\/h2>\n\n\n\n<p>Le responsable du traitement des donn\u00e9es est :<br><strong>Raison sociale du site<\/strong>&nbsp;: Paroisse Protestante de Haguenau<br><strong>Adresse<\/strong>&nbsp;: 42 rue Capito 67500 Haguenau<br><strong>E-mail de contact<\/strong>&nbsp;: pph@protestants-haguenau.fr<\/p>\n\n\n\n<h2 class=\"wp-block-heading\" id=\"2-donnes-collectes\">Donn\u00e9es collect\u00e9es<\/h2>\n\n\n\n<p>Lors de votre inscription \u00e0 notre newsletter, seul votre e-mail est requis. Vous pouvez vous d\u00e9sinscrire \u00e0 tout moment, et aucune autre donn\u00e9e personnelle n\u2019est collect\u00e9e<\/p>\n\n\n\n<h2 class=\"wp-block-heading\" id=\"3-finalit-de-la-collecte\">Finalit\u00e9 de la collecte<\/h2>\n\n\n\n<p>Les donn\u00e9es personnelles collect\u00e9es (e-mails) servent \u00e0 vous faire parvenir la newsletter p\u00e9riodique de la Paroisse Protestante d&rsquo;Haguenau pour vous informer des derni\u00e8res actualit\u00e9s<a href=\"https:\/\/www.legalstart.fr\/fiches-pratiques\/relations-commerciales\/politique-confidentialite\/\" target=\"_blank\" rel=\"noreferrer noopener\"><\/a><\/p>\n\n\n\n<h2 class=\"wp-block-heading\" id=\"4-destinataires-des-donnes\">Destinataires des donn\u00e9es<\/h2>\n\n\n\n<p>Les donn\u00e9es sont envoy\u00e9es uniquement \u00e0 l&rsquo;\u00e9quipe interne de la Paroisse Protestante de Haguenau.<a href=\"https:\/\/www.documentslegaux.fr\/commerce\/politique-de-confidentialite-d-un-site-web\/\" target=\"_blank\" rel=\"noreferrer noopener\"><\/a><\/p>\n\n\n\n<h2 class=\"wp-block-heading\" id=\"5-dure-de-conservation\">Dur\u00e9e de conservation<\/h2>\n\n\n\n<p>Les donn\u00e9es sont conserv\u00e9es pendant 3 ans apr\u00e8s le dernier contact.<a href=\"https:\/\/www.legalstart.fr\/fiches-pratiques\/relations-commerciales\/politique-confidentialite\/\" target=\"_blank\" rel=\"noreferrer noopener\"><\/a><\/p>\n\n\n\n<h2 class=\"wp-block-heading\" id=\"6-vos-droits\">Vos droits<\/h2>\n\n\n\n<p>Conform\u00e9ment \u00e0 la r\u00e9glementation RGPD, vous disposez :<\/p>\n\n\n\n<ul class=\"wp-block-list\">\n<li>D\u2019un droit d\u2019acc\u00e8s, de rectification, d\u2019effacement de vos donn\u00e9es<\/li>\n\n\n\n<li>D\u2019un droit de retrait de votre consentement \u00e0 tout moment<\/li>\n\n\n\n<li>D\u2019un droit \u00e0 la limitation, opposition et portabilit\u00e9 de vos donn\u00e9es<br>Pour exercer ces droits, contactez : pph@protestants-haguenau.fr<\/li>\n<\/ul>\n\n\n\n<p>Vous pouvez \u00e9galement introduire une r\u00e9clamation aupr\u00e8s de la CNIL si vous estimez que vos droits ne sont pas respect\u00e9s.<a rel=\"noreferrer noopener\" target=\"_blank\" href=\"https:\/\/www.legalplace.fr\/guides\/politique-de-confidentialite-rgpd\/\"><\/a><\/p>\n\n\n\n<h2 class=\"wp-block-heading\" id=\"7-cookies\">Cookies<\/h2>\n\n\n\n<p>Nous utilisons des cookies pour am\u00e9liorer votre exp\u00e9rience et r\u00e9aliser des statistiques de visite.<br>Pour en savoir plus, consultez notre page d\u00e9di\u00e9e \u00e0 la gestion des cookies ou r\u00e9f\u00e9rez-vous aux param\u00e8tres de votre navigateur.<a href=\"https:\/\/www.legalplace.fr\/guides\/politique-de-confidentialite-rgpd\/\" target=\"_blank\" rel=\"noreferrer noopener\"><\/a><\/p>\n\n\n\n<h2 class=\"wp-block-heading\" id=\"8-scurit\">S\u00e9curit\u00e9<\/h2>\n\n\n\n<p>Nous nous engageons \u00e0 assurer la s\u00e9curit\u00e9 de vos donn\u00e9es personnelles par des mesures techniques et organisationnelles adapt\u00e9es.<a rel=\"noreferrer noopener\" target=\"_blank\" href=\"https:\/\/www.documentslegaux.fr\/commerce\/politique-de-confidentialite-d-un-site-web\/\"><\/a><\/p>\n\n\n\n<h2 class=\"wp-block-heading\" id=\"9-modification-de-la-politique\">Modification de la politique<\/h2>\n\n\n\n<p>La pr\u00e9sente politique de confidentialit\u00e9 peut \u00eatre modifi\u00e9e \u00e0 tout moment. Les modifications prendront effet d\u00e8s leur publication sur cette page<\/p>\n","protected":false},"excerpt":{"rendered":"<p>Identit\u00e9 du responsable de traitement Le responsable du traitement des donn\u00e9es est :Raison sociale du site&nbsp;: Paroisse Protestante de HaguenauAdresse&nbsp;: 42 rue Capito 67500 HaguenauE-mail de contact&nbsp;: pph@protestants-haguenau.fr Donn\u00e9es collect\u00e9es <a class=\"more-link\" href=\"https:\/\/protestants-haguenau.fr\/index.php\/politique-de-confidentialite\/\">En savoir plus&#8230;<\/a><\/p>\n","protected":false},"author":1,"featured_media":0,"parent":0,"menu_order":0,"comment_status":"closed","ping_status":"open","template":"","meta":{"footnotes":""},"class_list":["post-3","page","type-page","status-publish","hentry"],"yoast_head":"<!-- This site is optimized with the Yoast SEO plugin v27.1.1 - https:\/\/yoast.com\/product\/yoast-seo-wordpress\/ -->\n<title>Politique de confidentialit\u00e9 - Paroisse Protestante de Haguenau<\/title>\n<meta name=\"robots\" content=\"index, follow, max-snippet:-1, max-image-preview:large, max-video-preview:-1\" \/>\n<link rel=\"canonical\" href=\"https:\/\/protestants-haguenau.fr\/index.php\/politique-de-confidentialite\/\" \/>\n<meta property=\"og:locale\" content=\"fr_FR\" \/>\n<meta property=\"og:type\" content=\"article\" \/>\n<meta property=\"og:title\" content=\"Politique de confidentialit\u00e9 - Paroisse Protestante de Haguenau\" \/>\n<meta property=\"og:description\" content=\"Identit\u00e9 du responsable de traitement Le responsable du traitement des donn\u00e9es est :Raison sociale du site&nbsp;: Paroisse Protestante de HaguenauAdresse&nbsp;: 42 rue Capito 67500 HaguenauE-mail de contact&nbsp;: pph@protestants-haguenau.fr Donn\u00e9es collect\u00e9es En savoir plus...\" \/>\n<meta property=\"og:url\" content=\"https:\/\/protestants-haguenau.fr\/index.php\/politique-de-confidentialite\/\" \/>\n<meta property=\"og:site_name\" content=\"Paroisse Protestante de Haguenau\" \/>\n<meta property=\"article:publisher\" content=\"https:\/\/www.facebook.com\/paroisseprotestantehaguenau\/?locale=fr_FR\" \/>\n<meta property=\"article:modified_time\" content=\"2025-09-01T16:09:16+00:00\" \/>\n<meta property=\"og:image\" content=\"https:\/\/protestants-haguenau.fr\/wp-content\/uploads\/2026\/03\/Images-banniere-site.png\" \/>\n\t<meta property=\"og:image:width\" content=\"1200\" \/>\n\t<meta property=\"og:image:height\" content=\"514\" \/>\n\t<meta property=\"og:image:type\" content=\"image\/png\" \/>\n<meta name=\"twitter:card\" content=\"summary_large_image\" \/>\n<meta name=\"twitter:label1\" content=\"Dur\u00e9e de lecture estim\u00e9e\" \/>\n\t<meta name=\"twitter:data1\" content=\"2 minutes\" \/>\n<script type=\"application\/ld+json\" class=\"yoast-schema-graph\">{\"@context\":\"https:\/\/schema.org\",\"@graph\":[{\"@type\":\"WebPage\",\"@id\":\"https:\/\/protestants-haguenau.fr\/index.php\/politique-de-confidentialite\/\",\"url\":\"https:\/\/protestants-haguenau.fr\/index.php\/politique-de-confidentialite\/\",\"name\":\"Politique de confidentialit\u00e9 - Paroisse Protestante de Haguenau\",\"isPartOf\":{\"@id\":\"https:\/\/protestants-haguenau.fr\/#website\"},\"datePublished\":\"2025-05-21T19:07:23+00:00\",\"dateModified\":\"2025-09-01T16:09:16+00:00\",\"breadcrumb\":{\"@id\":\"https:\/\/protestants-haguenau.fr\/index.php\/politique-de-confidentialite\/#breadcrumb\"},\"inLanguage\":\"fr-FR\",\"potentialAction\":[{\"@type\":\"ReadAction\",\"target\":[\"https:\/\/protestants-haguenau.fr\/index.php\/politique-de-confidentialite\/\"]}]},{\"@type\":\"BreadcrumbList\",\"@id\":\"https:\/\/protestants-haguenau.fr\/index.php\/politique-de-confidentialite\/#breadcrumb\",\"itemListElement\":[{\"@type\":\"ListItem\",\"position\":1,\"name\":\"Accueil\",\"item\":\"https:\/\/protestants-haguenau.fr\/\"},{\"@type\":\"ListItem\",\"position\":2,\"name\":\"Politique de confidentialit\u00e9\"}]},{\"@type\":\"WebSite\",\"@id\":\"https:\/\/protestants-haguenau.fr\/#website\",\"url\":\"https:\/\/protestants-haguenau.fr\/\",\"name\":\"Paroisse Protestante de Haguenau\",\"description\":\"Actualit\u00e9s et informations\",\"publisher\":{\"@id\":\"https:\/\/protestants-haguenau.fr\/#organization\"},\"potentialAction\":[{\"@type\":\"SearchAction\",\"target\":{\"@type\":\"EntryPoint\",\"urlTemplate\":\"https:\/\/protestants-haguenau.fr\/?s={search_term_string}\"},\"query-input\":{\"@type\":\"PropertyValueSpecification\",\"valueRequired\":true,\"valueName\":\"search_term_string\"}}],\"inLanguage\":\"fr-FR\"},{\"@type\":\"Organization\",\"@id\":\"https:\/\/protestants-haguenau.fr\/#organization\",\"name\":\"Paroisse Protestante de Haguenau\",\"url\":\"https:\/\/protestants-haguenau.fr\/\",\"logo\":{\"@type\":\"ImageObject\",\"inLanguage\":\"fr-FR\",\"@id\":\"https:\/\/protestants-haguenau.fr\/#\/schema\/logo\/image\/\",\"url\":\"https:\/\/protestants-haguenau.fr\/wp-content\/uploads\/2025\/11\/cropped-Plan-de-travail-5.png\",\"contentUrl\":\"https:\/\/protestants-haguenau.fr\/wp-content\/uploads\/2025\/11\/cropped-Plan-de-travail-5.png\",\"width\":300,\"height\":138,\"caption\":\"Paroisse Protestante de Haguenau\"},\"image\":{\"@id\":\"https:\/\/protestants-haguenau.fr\/#\/schema\/logo\/image\/\"},\"sameAs\":[\"https:\/\/www.facebook.com\/paroisseprotestantehaguenau\/?locale=fr_FR\",\"https:\/\/www.instagram.com\/paroisseprotestantehaguenau\/\"]}]}<\/script>\n<!-- \/ Yoast SEO plugin. -->","yoast_head_json":{"title":"Politique de confidentialit\u00e9 - Paroisse Protestante de Haguenau","robots":{"index":"index","follow":"follow","max-snippet":"max-snippet:-1","max-image-preview":"max-image-preview:large","max-video-preview":"max-video-preview:-1"},"canonical":"https:\/\/protestants-haguenau.fr\/index.php\/politique-de-confidentialite\/","og_locale":"fr_FR","og_type":"article","og_title":"Politique de confidentialit\u00e9 - Paroisse Protestante de Haguenau","og_description":"Identit\u00e9 du responsable de traitement Le responsable du traitement des donn\u00e9es est :Raison sociale du site&nbsp;: Paroisse Protestante de HaguenauAdresse&nbsp;: 42 rue Capito 67500 HaguenauE-mail de contact&nbsp;: pph@protestants-haguenau.fr Donn\u00e9es collect\u00e9es En savoir plus...","og_url":"https:\/\/protestants-haguenau.fr\/index.php\/politique-de-confidentialite\/","og_site_name":"Paroisse Protestante de Haguenau","article_publisher":"https:\/\/www.facebook.com\/paroisseprotestantehaguenau\/?locale=fr_FR","article_modified_time":"2025-09-01T16:09:16+00:00","og_image":[{"width":1200,"height":514,"url":"https:\/\/protestants-haguenau.fr\/wp-content\/uploads\/2026\/03\/Images-banniere-site.png","type":"image\/png"}],"twitter_card":"summary_large_image","twitter_misc":{"Dur\u00e9e de lecture estim\u00e9e":"2 minutes"},"schema":{"@context":"https:\/\/schema.org","@graph":[{"@type":"WebPage","@id":"https:\/\/protestants-haguenau.fr\/index.php\/politique-de-confidentialite\/","url":"https:\/\/protestants-haguenau.fr\/index.php\/politique-de-confidentialite\/","name":"Politique de confidentialit\u00e9 - Paroisse Protestante de Haguenau","isPartOf":{"@id":"https:\/\/protestants-haguenau.fr\/#website"},"datePublished":"2025-05-21T19:07:23+00:00","dateModified":"2025-09-01T16:09:16+00:00","breadcrumb":{"@id":"https:\/\/protestants-haguenau.fr\/index.php\/politique-de-confidentialite\/#breadcrumb"},"inLanguage":"fr-FR","potentialAction":[{"@type":"ReadAction","target":["https:\/\/protestants-haguenau.fr\/index.php\/politique-de-confidentialite\/"]}]},{"@type":"BreadcrumbList","@id":"https:\/\/protestants-haguenau.fr\/index.php\/politique-de-confidentialite\/#breadcrumb","itemListElement":[{"@type":"ListItem","position":1,"name":"Accueil","item":"https:\/\/protestants-haguenau.fr\/"},{"@type":"ListItem","position":2,"name":"Politique de confidentialit\u00e9"}]},{"@type":"WebSite","@id":"https:\/\/protestants-haguenau.fr\/#website","url":"https:\/\/protestants-haguenau.fr\/","name":"Paroisse Protestante de Haguenau","description":"Actualit\u00e9s et informations","publisher":{"@id":"https:\/\/protestants-haguenau.fr\/#organization"},"potentialAction":[{"@type":"SearchAction","target":{"@type":"EntryPoint","urlTemplate":"https:\/\/protestants-haguenau.fr\/?s={search_term_string}"},"query-input":{"@type":"PropertyValueSpecification","valueRequired":true,"valueName":"search_term_string"}}],"inLanguage":"fr-FR"},{"@type":"Organization","@id":"https:\/\/protestants-haguenau.fr\/#organization","name":"Paroisse Protestante de Haguenau","url":"https:\/\/protestants-haguenau.fr\/","logo":{"@type":"ImageObject","inLanguage":"fr-FR","@id":"https:\/\/protestants-haguenau.fr\/#\/schema\/logo\/image\/","url":"https:\/\/protestants-haguenau.fr\/wp-content\/uploads\/2025\/11\/cropped-Plan-de-travail-5.png","contentUrl":"https:\/\/protestants-haguenau.fr\/wp-content\/uploads\/2025\/11\/cropped-Plan-de-travail-5.png","width":300,"height":138,"caption":"Paroisse Protestante de Haguenau"},"image":{"@id":"https:\/\/protestants-haguenau.fr\/#\/schema\/logo\/image\/"},"sameAs":["https:\/\/www.facebook.com\/paroisseprotestantehaguenau\/?locale=fr_FR","https:\/\/www.instagram.com\/paroisseprotestantehaguenau\/"]}]}},"_links":{"self":[{"href":"https:\/\/protestants-haguenau.fr\/index.php\/wp-json\/wp\/v2\/pages\/3","targetHints":{"allow":["GET"]}}],"collection":[{"href":"https:\/\/protestants-haguenau.fr\/index.php\/wp-json\/wp\/v2\/pages"}],"about":[{"href":"https:\/\/protestants-haguenau.fr\/index.php\/wp-json\/wp\/v2\/types\/page"}],"author":[{"embeddable":true,"href":"https:\/\/protestants-haguenau.fr\/index.php\/wp-json\/wp\/v2\/users\/1"}],"replies":[{"embeddable":true,"href":"https:\/\/protestants-haguenau.fr\/index.php\/wp-json\/wp\/v2\/comments?post=3"}],"version-history":[{"count":4,"href":"https:\/\/protestants-haguenau.fr\/index.php\/wp-json\/wp\/v2\/pages\/3\/revisions"}],"predecessor-version":[{"id":612,"href":"https:\/\/protestants-haguenau.fr\/index.php\/wp-json\/wp\/v2\/pages\/3\/revisions\/612"}],"wp:attachment":[{"href":"https:\/\/protestants-haguenau.fr\/index.php\/wp-json\/wp\/v2\/media?parent=3"}],"curies":[{"name":"wp","href":"https:\/\/api.w.org\/{rel}","templated":true}]}}