{"id":79,"date":"2025-06-12T16:19:34","date_gmt":"2025-06-12T14:19:34","guid":{"rendered":"https:\/\/protestants-haguenau.fr\/?page_id=79"},"modified":"2026-04-01T14:59:17","modified_gmt":"2026-04-01T12:59:17","slug":"agenda-paroissial","status":"publish","type":"page","link":"https:\/\/protestants-haguenau.fr\/index.php\/agenda-paroissial\/","title":{"rendered":"Planning du mois"},"content":{"rendered":"\n<h2 class=\"wp-block-heading\"><\/h2>\n\n\n\n<p>Retrouvez ici, l\u2019ensemble des rendez-vous du mois en cours dans notre paroisse.<\/p>\n\n\n\n<p><br>C\u2019est la mani\u00e8re la plus simple d\u2019avoir une vue d\u2019ensemble de tout ce que nous vivons \u00e0 Haguenau : cultes, rencontres, groupes, activit\u00e9s, temps forts et \u00e9v\u00e9nements.<br>Ce planning est mis \u00e0 jour r\u00e9guli\u00e8rement \u2014 n\u2019h\u00e9sitez pas \u00e0 y revenir souvent !<\/p>\n\n\n<div class=\"wp-block-image\">\n<figure class=\"aligncenter size-large is-resized\"><img loading=\"lazy\" decoding=\"async\" width=\"1024\" height=\"858\" src=\"https:\/\/protestants-haguenau.fr\/wp-content\/uploads\/2026\/04\/Agenda-Avril-2026-2-1024x858.png\" alt=\"Agenda Avril 2026 (2)\" class=\"wp-image-1495\" style=\"aspect-ratio:1.1934874602529466;width:625px;height:auto\" srcset=\"https:\/\/protestants-haguenau.fr\/wp-content\/uploads\/2026\/04\/Agenda-Avril-2026-2-1024x858.png 1024w, https:\/\/protestants-haguenau.fr\/wp-content\/uploads\/2026\/04\/Agenda-Avril-2026-2-300x252.png 300w, https:\/\/protestants-haguenau.fr\/wp-content\/uploads\/2026\/04\/Agenda-Avril-2026-2-768x644.png 768w, https:\/\/protestants-haguenau.fr\/wp-content\/uploads\/2026\/04\/Agenda-Avril-2026-2.png 1528w\" sizes=\"auto, (max-width: 1024px) 100vw, 1024px\" \/><figcaption class=\"wp-element-caption\">Agenda Avril 2026 (2)<\/figcaption><\/figure>\n<\/div>\n\n\n<h2 class=\"wp-block-heading has-text-align-center\"><strong><mark style=\"background-color:rgba(0, 0, 0, 0)\" class=\"has-inline-color has-black-color\">Agenda paroissial Avril 2026<\/mark><\/strong><\/h2>\n\n\n\n<h2 class=\"wp-block-heading\"><strong><mark style=\"background-color:rgba(0, 0, 0, 0)\" class=\"has-inline-color has-black-color\">Cultes<\/mark><\/strong>    <\/h2>\n\n\n\n<ul class=\"wp-block-list\">\n<li>Jeudi Saint 2 avril : 20h, Veill\u00e9e \u00e0 l&rsquo;\u00e9glise, avec Ste C\u00e8ne<\/li>\n\n\n\n<li>Vendredi Saint 3 avril : 10h, Culte, avec Ste C\u00e8ne<\/li>\n\n\n\n<li>Dimanche de P\u00e2ques 5 avril : 6h, Aurore Pascale, RdV dans le jardin du foyer Capito<\/li>\n\n\n\n<li>Dimanche de P\u00e2ques 5 avril : 10h, Culte avec Sainte C\u00e8ne et participation de la chorale.<\/li>\n\n\n\n<li>Dimanche 12 avril : 10h, Culte<\/li>\n\n\n\n<li>Dimanche 19 avril : 10h, Culte avec Bapt\u00eame, au foyer Capito<\/li>\n\n\n\n<li>Samedi 14 mars : 20h, Culte du soir, au foyer Capito<\/li>\n\n\n\n<li>Dimanche 26 avril : 10h, Culte, au foyer Capito<\/li>\n<\/ul>\n\n\n\n<h2 class=\"wp-block-heading\"><strong><mark style=\"background-color:rgba(0, 0, 0, 0)\" class=\"has-inline-color has-black-color\">Club du dimanche<\/mark><\/strong><\/h2>\n\n\n\n<div class=\"wp-block-group\"><div class=\"wp-block-group__inner-container is-layout-constrained wp-block-group-is-layout-constrained\">\n<ul class=\"wp-block-list\">\n<li>Dimanche 12 avril, au foyer Capito (de 10h \u00e0 11h).<\/li>\n<\/ul>\n<\/div><\/div>\n\n\n\n<h2 class=\"wp-block-heading\"><strong><mark style=\"background-color:rgba(0, 0, 0, 0)\" class=\"has-inline-color has-black-color\">Chorale paroissiale<\/mark><\/strong><\/h2>\n\n\n\n<p>Mardi 21 et 28 avril, de 20h15 \u00e0 22h au foyer Capito.<\/p>\n\n\n\n<div class=\"wp-block-group is-vertical is-layout-flex wp-container-core-group-is-layout-8cf370e7 wp-block-group-is-layout-flex\">\n<h2 class=\"wp-block-heading\"><strong><mark style=\"background-color:rgba(0, 0, 0, 0)\" class=\"has-inline-color has-black-color\">Cat\u00e9chisme<\/mark><\/strong><\/h2>\n\n\n\n<p><em>1\u00e8re ann\u00e9e de 16-17h<\/em> &#8211; <em>2\u00e8 et 3\u00e8 ann\u00e9e de 14-16h<\/em><\/p>\n\n\n\n<p>Mercredi 9 et 29 avril, au foyer Capito<\/p>\n<\/div>\n\n\n\n<h2 class=\"wp-block-heading\"><strong><mark style=\"background-color:rgba(0, 0, 0, 0)\" class=\"has-inline-color has-black-color\">Culte \u00e0 la Maison de Retraite<\/mark><\/strong><\/h2>\n\n\n\n<p>Tous les premiers vendredi du mois, de 10h30 \u00e0 11h30 \u00e0 la Maison de Retraite<\/p>\n\n\n\n<h2 class=\"wp-block-heading\"><strong><mark style=\"background-color:rgba(0, 0, 0, 0)\" class=\"has-inline-color has-black-color\">Groupe de pri\u00e8re<\/mark><\/strong><\/h2>\n\n\n\n<p>Vendredi 17 avril, de 16h \u00e0 17h dans la salle de l&rsquo;ouvroir<\/p>\n\n\n\n<h2 class=\"wp-block-heading\"><strong><mark style=\"background-color:rgba(0, 0, 0, 0)\" class=\"has-inline-color has-black-color\">Bar \u00e0 jeux<\/mark><\/strong><\/h2>\n\n\n\n<p>Vendredi 17 avril, de 17h \u00e0 19h dans la salle de l&rsquo;ouvroir.<\/p>\n\n\n\n<h2 class=\"wp-block-heading\"><strong><mark style=\"background-color:rgba(0, 0, 0, 0)\" class=\"has-inline-color has-black-color\">Partageons nos talents<\/mark><\/strong><\/h2>\n\n\n\n<p>Vendredi 10 avril de 19h30 \u00e0 21h30 au foyer Capito.<\/p>\n\n\n\n<h2 class=\"wp-block-heading\"><strong><mark style=\"background-color:rgba(0, 0, 0, 0)\" class=\"has-inline-color has-black-color\">Stammtisch<\/mark><\/strong><\/h2>\n\n\n\n<p>Vendredi 10 avril de 14h30 \u00e0 17h30 au foyer Capito.<\/p>\n\n\n\n<p><\/p>\n","protected":false},"excerpt":{"rendered":"<p>Retrouvez ici, l\u2019ensemble des rendez-vous du mois en cours dans notre paroisse. C\u2019est la mani\u00e8re la plus simple d\u2019avoir une vue d\u2019ensemble de tout ce que nous vivons \u00e0 Haguenau <a class=\"more-link\" href=\"https:\/\/protestants-haguenau.fr\/index.php\/agenda-paroissial\/\">En savoir plus&#8230;<\/a><\/p>\n","protected":false},"author":1,"featured_media":1431,"parent":0,"menu_order":0,"comment_status":"closed","ping_status":"closed","template":"","meta":{"footnotes":""},"class_list":["post-79","page","type-page","status-publish","has-post-thumbnail","hentry"],"yoast_head":"<!-- This site is optimized with the Yoast SEO plugin v27.1.1 - https:\/\/yoast.com\/product\/yoast-seo-wordpress\/ -->\n<title>Planning du mois - Paroisse Protestante de Haguenau<\/title>\n<meta name=\"robots\" content=\"index, follow, max-snippet:-1, max-image-preview:large, max-video-preview:-1\" \/>\n<link rel=\"canonical\" href=\"https:\/\/protestants-haguenau.fr\/index.php\/agenda-paroissial\/\" \/>\n<meta property=\"og:locale\" content=\"fr_FR\" \/>\n<meta property=\"og:type\" content=\"article\" \/>\n<meta property=\"og:title\" content=\"Planning du mois - Paroisse Protestante de Haguenau\" \/>\n<meta property=\"og:description\" content=\"Retrouvez ici, l\u2019ensemble des rendez-vous du mois en cours dans notre paroisse. C\u2019est la mani\u00e8re la plus simple d\u2019avoir une vue d\u2019ensemble de tout ce que nous vivons \u00e0 Haguenau En savoir plus...\" \/>\n<meta property=\"og:url\" content=\"https:\/\/protestants-haguenau.fr\/index.php\/agenda-paroissial\/\" \/>\n<meta property=\"og:site_name\" content=\"Paroisse Protestante de Haguenau\" \/>\n<meta property=\"article:publisher\" content=\"https:\/\/www.facebook.com\/paroisseprotestantehaguenau\/?locale=fr_FR\" \/>\n<meta property=\"article:modified_time\" content=\"2026-04-01T12:59:17+00:00\" \/>\n<meta property=\"og:image\" content=\"https:\/\/protestants-haguenau.fr\/wp-content\/uploads\/2026\/02\/Agenda-fevrier-2026-2-1024x858.png\" \/>\n\t<meta property=\"og:image:width\" content=\"1024\" \/>\n\t<meta property=\"og:image:height\" content=\"858\" \/>\n\t<meta property=\"og:image:type\" content=\"image\/png\" \/>\n<meta name=\"twitter:card\" content=\"summary_large_image\" \/>\n<meta name=\"twitter:label1\" content=\"Dur\u00e9e de lecture estim\u00e9e\" \/>\n\t<meta name=\"twitter:data1\" content=\"2 minutes\" \/>\n<script type=\"application\/ld+json\" class=\"yoast-schema-graph\">{\"@context\":\"https:\/\/schema.org\",\"@graph\":[{\"@type\":\"WebPage\",\"@id\":\"https:\/\/protestants-haguenau.fr\/index.php\/agenda-paroissial\/\",\"url\":\"https:\/\/protestants-haguenau.fr\/index.php\/agenda-paroissial\/\",\"name\":\"Planning du mois - Paroisse Protestante de Haguenau\",\"isPartOf\":{\"@id\":\"https:\/\/protestants-haguenau.fr\/#website\"},\"primaryImageOfPage\":{\"@id\":\"https:\/\/protestants-haguenau.fr\/index.php\/agenda-paroissial\/#primaryimage\"},\"image\":{\"@id\":\"https:\/\/protestants-haguenau.fr\/index.php\/agenda-paroissial\/#primaryimage\"},\"thumbnailUrl\":\"https:\/\/protestants-haguenau.fr\/wp-content\/uploads\/2026\/02\/Agenda-fevrier-2026-2.png\",\"datePublished\":\"2025-06-12T14:19:34+00:00\",\"dateModified\":\"2026-04-01T12:59:17+00:00\",\"breadcrumb\":{\"@id\":\"https:\/\/protestants-haguenau.fr\/index.php\/agenda-paroissial\/#breadcrumb\"},\"inLanguage\":\"fr-FR\",\"potentialAction\":[{\"@type\":\"ReadAction\",\"target\":[\"https:\/\/protestants-haguenau.fr\/index.php\/agenda-paroissial\/\"]}]},{\"@type\":\"ImageObject\",\"inLanguage\":\"fr-FR\",\"@id\":\"https:\/\/protestants-haguenau.fr\/index.php\/agenda-paroissial\/#primaryimage\",\"url\":\"https:\/\/protestants-haguenau.fr\/wp-content\/uploads\/2026\/02\/Agenda-fevrier-2026-2.png\",\"contentUrl\":\"https:\/\/protestants-haguenau.fr\/wp-content\/uploads\/2026\/02\/Agenda-fevrier-2026-2.png\",\"width\":1528,\"height\":1281},{\"@type\":\"BreadcrumbList\",\"@id\":\"https:\/\/protestants-haguenau.fr\/index.php\/agenda-paroissial\/#breadcrumb\",\"itemListElement\":[{\"@type\":\"ListItem\",\"position\":1,\"name\":\"Accueil\",\"item\":\"https:\/\/protestants-haguenau.fr\/\"},{\"@type\":\"ListItem\",\"position\":2,\"name\":\"Planning du mois\"}]},{\"@type\":\"WebSite\",\"@id\":\"https:\/\/protestants-haguenau.fr\/#website\",\"url\":\"https:\/\/protestants-haguenau.fr\/\",\"name\":\"Paroisse Protestante de Haguenau\",\"description\":\"Actualit\u00e9s et informations\",\"publisher\":{\"@id\":\"https:\/\/protestants-haguenau.fr\/#organization\"},\"potentialAction\":[{\"@type\":\"SearchAction\",\"target\":{\"@type\":\"EntryPoint\",\"urlTemplate\":\"https:\/\/protestants-haguenau.fr\/?s={search_term_string}\"},\"query-input\":{\"@type\":\"PropertyValueSpecification\",\"valueRequired\":true,\"valueName\":\"search_term_string\"}}],\"inLanguage\":\"fr-FR\"},{\"@type\":\"Organization\",\"@id\":\"https:\/\/protestants-haguenau.fr\/#organization\",\"name\":\"Paroisse Protestante de Haguenau\",\"url\":\"https:\/\/protestants-haguenau.fr\/\",\"logo\":{\"@type\":\"ImageObject\",\"inLanguage\":\"fr-FR\",\"@id\":\"https:\/\/protestants-haguenau.fr\/#\/schema\/logo\/image\/\",\"url\":\"https:\/\/protestants-haguenau.fr\/wp-content\/uploads\/2025\/11\/cropped-Plan-de-travail-5.png\",\"contentUrl\":\"https:\/\/protestants-haguenau.fr\/wp-content\/uploads\/2025\/11\/cropped-Plan-de-travail-5.png\",\"width\":300,\"height\":138,\"caption\":\"Paroisse Protestante de Haguenau\"},\"image\":{\"@id\":\"https:\/\/protestants-haguenau.fr\/#\/schema\/logo\/image\/\"},\"sameAs\":[\"https:\/\/www.facebook.com\/paroisseprotestantehaguenau\/?locale=fr_FR\",\"https:\/\/www.instagram.com\/paroisseprotestantehaguenau\/\"]}]}<\/script>\n<!-- \/ Yoast SEO plugin. -->","yoast_head_json":{"title":"Planning du mois - Paroisse Protestante de Haguenau","robots":{"index":"index","follow":"follow","max-snippet":"max-snippet:-1","max-image-preview":"max-image-preview:large","max-video-preview":"max-video-preview:-1"},"canonical":"https:\/\/protestants-haguenau.fr\/index.php\/agenda-paroissial\/","og_locale":"fr_FR","og_type":"article","og_title":"Planning du mois - Paroisse Protestante de Haguenau","og_description":"Retrouvez ici, l\u2019ensemble des rendez-vous du mois en cours dans notre paroisse. C\u2019est la mani\u00e8re la plus simple d\u2019avoir une vue d\u2019ensemble de tout ce que nous vivons \u00e0 Haguenau En savoir plus...","og_url":"https:\/\/protestants-haguenau.fr\/index.php\/agenda-paroissial\/","og_site_name":"Paroisse Protestante de Haguenau","article_publisher":"https:\/\/www.facebook.com\/paroisseprotestantehaguenau\/?locale=fr_FR","article_modified_time":"2026-04-01T12:59:17+00:00","og_image":[{"width":1024,"height":858,"url":"https:\/\/protestants-haguenau.fr\/wp-content\/uploads\/2026\/02\/Agenda-fevrier-2026-2-1024x858.png","type":"image\/png"}],"twitter_card":"summary_large_image","twitter_misc":{"Dur\u00e9e de lecture estim\u00e9e":"2 minutes"},"schema":{"@context":"https:\/\/schema.org","@graph":[{"@type":"WebPage","@id":"https:\/\/protestants-haguenau.fr\/index.php\/agenda-paroissial\/","url":"https:\/\/protestants-haguenau.fr\/index.php\/agenda-paroissial\/","name":"Planning du mois - Paroisse Protestante de Haguenau","isPartOf":{"@id":"https:\/\/protestants-haguenau.fr\/#website"},"primaryImageOfPage":{"@id":"https:\/\/protestants-haguenau.fr\/index.php\/agenda-paroissial\/#primaryimage"},"image":{"@id":"https:\/\/protestants-haguenau.fr\/index.php\/agenda-paroissial\/#primaryimage"},"thumbnailUrl":"https:\/\/protestants-haguenau.fr\/wp-content\/uploads\/2026\/02\/Agenda-fevrier-2026-2.png","datePublished":"2025-06-12T14:19:34+00:00","dateModified":"2026-04-01T12:59:17+00:00","breadcrumb":{"@id":"https:\/\/protestants-haguenau.fr\/index.php\/agenda-paroissial\/#breadcrumb"},"inLanguage":"fr-FR","potentialAction":[{"@type":"ReadAction","target":["https:\/\/protestants-haguenau.fr\/index.php\/agenda-paroissial\/"]}]},{"@type":"ImageObject","inLanguage":"fr-FR","@id":"https:\/\/protestants-haguenau.fr\/index.php\/agenda-paroissial\/#primaryimage","url":"https:\/\/protestants-haguenau.fr\/wp-content\/uploads\/2026\/02\/Agenda-fevrier-2026-2.png","contentUrl":"https:\/\/protestants-haguenau.fr\/wp-content\/uploads\/2026\/02\/Agenda-fevrier-2026-2.png","width":1528,"height":1281},{"@type":"BreadcrumbList","@id":"https:\/\/protestants-haguenau.fr\/index.php\/agenda-paroissial\/#breadcrumb","itemListElement":[{"@type":"ListItem","position":1,"name":"Accueil","item":"https:\/\/protestants-haguenau.fr\/"},{"@type":"ListItem","position":2,"name":"Planning du mois"}]},{"@type":"WebSite","@id":"https:\/\/protestants-haguenau.fr\/#website","url":"https:\/\/protestants-haguenau.fr\/","name":"Paroisse Protestante de Haguenau","description":"Actualit\u00e9s et informations","publisher":{"@id":"https:\/\/protestants-haguenau.fr\/#organization"},"potentialAction":[{"@type":"SearchAction","target":{"@type":"EntryPoint","urlTemplate":"https:\/\/protestants-haguenau.fr\/?s={search_term_string}"},"query-input":{"@type":"PropertyValueSpecification","valueRequired":true,"valueName":"search_term_string"}}],"inLanguage":"fr-FR"},{"@type":"Organization","@id":"https:\/\/protestants-haguenau.fr\/#organization","name":"Paroisse Protestante de Haguenau","url":"https:\/\/protestants-haguenau.fr\/","logo":{"@type":"ImageObject","inLanguage":"fr-FR","@id":"https:\/\/protestants-haguenau.fr\/#\/schema\/logo\/image\/","url":"https:\/\/protestants-haguenau.fr\/wp-content\/uploads\/2025\/11\/cropped-Plan-de-travail-5.png","contentUrl":"https:\/\/protestants-haguenau.fr\/wp-content\/uploads\/2025\/11\/cropped-Plan-de-travail-5.png","width":300,"height":138,"caption":"Paroisse Protestante de Haguenau"},"image":{"@id":"https:\/\/protestants-haguenau.fr\/#\/schema\/logo\/image\/"},"sameAs":["https:\/\/www.facebook.com\/paroisseprotestantehaguenau\/?locale=fr_FR","https:\/\/www.instagram.com\/paroisseprotestantehaguenau\/"]}]}},"_links":{"self":[{"href":"https:\/\/protestants-haguenau.fr\/index.php\/wp-json\/wp\/v2\/pages\/79","targetHints":{"allow":["GET"]}}],"collection":[{"href":"https:\/\/protestants-haguenau.fr\/index.php\/wp-json\/wp\/v2\/pages"}],"about":[{"href":"https:\/\/protestants-haguenau.fr\/index.php\/wp-json\/wp\/v2\/types\/page"}],"author":[{"embeddable":true,"href":"https:\/\/protestants-haguenau.fr\/index.php\/wp-json\/wp\/v2\/users\/1"}],"replies":[{"embeddable":true,"href":"https:\/\/protestants-haguenau.fr\/index.php\/wp-json\/wp\/v2\/comments?post=79"}],"version-history":[{"count":59,"href":"https:\/\/protestants-haguenau.fr\/index.php\/wp-json\/wp\/v2\/pages\/79\/revisions"}],"predecessor-version":[{"id":1509,"href":"https:\/\/protestants-haguenau.fr\/index.php\/wp-json\/wp\/v2\/pages\/79\/revisions\/1509"}],"wp:featuredmedia":[{"embeddable":true,"href":"https:\/\/protestants-haguenau.fr\/index.php\/wp-json\/wp\/v2\/media\/1431"}],"wp:attachment":[{"href":"https:\/\/protestants-haguenau.fr\/index.php\/wp-json\/wp\/v2\/media?parent=79"}],"curies":[{"name":"wp","href":"https:\/\/api.w.org\/{rel}","templated":true}]}}