{"id":801,"date":"2025-11-25T13:41:20","date_gmt":"2025-11-25T12:41:20","guid":{"rendered":"https:\/\/protestants-haguenau.fr\/?page_id=801"},"modified":"2025-11-27T16:47:57","modified_gmt":"2025-11-27T15:47:57","slug":"bar-a-jeux","status":"publish","type":"page","link":"https:\/\/protestants-haguenau.fr\/index.php\/bar-a-jeux\/","title":{"rendered":"Bar \u00e0 jeux"},"content":{"rendered":"\n<p class=\"has-text-align-center\"><strong>Proverbes 17,22<\/strong><br>\u00ab Un c\u0153ur joyeux est un bon rem\u00e8de. \u00bb<\/p>\n\n\n\n<p>Un vendredi par mois, la paroisse se transforme en bar \u00e0 jeux : un espace chaleureux et totalement interg\u00e9n\u00e9rationnel o\u00f9 l\u2019on se retrouve simplement pour \u00eatre ensemble, rire, jouer, se d\u00e9couvrir et tisser du lien.<\/p>\n\n\n\n<p>Le bar \u00e0 jeux a lieu en principe le troisi\u00e8me vendredi du mois, \u00e0 partir de 17h, au foyer Capito.<br>On peut arriver quand on veut et repartir quand on veut : c\u2019est un moment libre, sans contrainte d\u2019horaire.<br>En g\u00e9n\u00e9ral, nous rangeons vers 19h\u2026 mais il arrive que la soir\u00e9e se poursuive autour d\u2019une pizza ou d\u2019un repas improvis\u00e9 !<\/p>\n\n\n\n<p>Des jeux de soci\u00e9t\u00e9 sont mis \u00e0 disposition, mais chacun peut aussi apporter ses propres jeux pour les faire d\u00e9couvrir.<br>Nous partageons un petit ap\u00e9ritif (boissons, bretzels et autres gourmandises simples), dans une atmosph\u00e8re d\u00e9tendue, joyeuse et bienveillante.<\/p>\n\n\n\n<p><strong>Le bar \u00e0 jeux est ouvert \u00e0 tous les \u00e2ges :<\/strong><br>enfants, adolescents, adultes, grands-parents\u2026 chacun trouve sa place autour de la table.<br>C\u2019est une belle occasion de rencontrer d\u2019autres membres de la communaut\u00e9, de faire connaissance, de vivre des moments authentiques \u2014 tout simplement.<\/p>\n\n\n\n<p>Vous trouverez les prochaines dates dans l\u2019Agenda.<\/p>\n\n\n\n<p>Que vous aimiez jouer souvent, de temps en temps, ou simplement partager un moment ensemble :<br>vous \u00eates les bienvenus !<\/p>\n","protected":false},"excerpt":{"rendered":"<p>Proverbes 17,22\u00ab Un c\u0153ur joyeux est un bon rem\u00e8de. \u00bb Un vendredi par mois, la paroisse se transforme en bar \u00e0 jeux : un espace chaleureux et totalement interg\u00e9n\u00e9rationnel o\u00f9 <a class=\"more-link\" href=\"https:\/\/protestants-haguenau.fr\/index.php\/bar-a-jeux\/\">En savoir plus&#8230;<\/a><\/p>\n","protected":false},"author":1,"featured_media":0,"parent":0,"menu_order":0,"comment_status":"closed","ping_status":"closed","template":"","meta":{"footnotes":""},"class_list":["post-801","page","type-page","status-publish","hentry"],"yoast_head":"<!-- This site is optimized with the Yoast SEO plugin v27.1.1 - https:\/\/yoast.com\/product\/yoast-seo-wordpress\/ -->\n<title>Bar \u00e0 jeux - Paroisse Protestante de Haguenau<\/title>\n<meta name=\"robots\" content=\"index, follow, max-snippet:-1, max-image-preview:large, max-video-preview:-1\" \/>\n<link rel=\"canonical\" href=\"https:\/\/protestants-haguenau.fr\/index.php\/bar-a-jeux\/\" \/>\n<meta property=\"og:locale\" content=\"fr_FR\" \/>\n<meta property=\"og:type\" content=\"article\" \/>\n<meta property=\"og:title\" content=\"Bar \u00e0 jeux - Paroisse Protestante de Haguenau\" \/>\n<meta property=\"og:description\" content=\"Proverbes 17,22\u00ab Un c\u0153ur joyeux est un bon rem\u00e8de. \u00bb Un vendredi par mois, la paroisse se transforme en bar \u00e0 jeux : un espace chaleureux et totalement interg\u00e9n\u00e9rationnel o\u00f9 En savoir plus...\" \/>\n<meta property=\"og:url\" content=\"https:\/\/protestants-haguenau.fr\/index.php\/bar-a-jeux\/\" \/>\n<meta property=\"og:site_name\" content=\"Paroisse Protestante de Haguenau\" \/>\n<meta property=\"article:publisher\" content=\"https:\/\/www.facebook.com\/paroisseprotestantehaguenau\/?locale=fr_FR\" \/>\n<meta property=\"article:modified_time\" content=\"2025-11-27T15:47:57+00:00\" \/>\n<meta property=\"og:image\" content=\"https:\/\/protestants-haguenau.fr\/wp-content\/uploads\/2026\/03\/Images-banniere-site.png\" \/>\n\t<meta property=\"og:image:width\" content=\"1200\" \/>\n\t<meta property=\"og:image:height\" content=\"514\" \/>\n\t<meta property=\"og:image:type\" content=\"image\/png\" \/>\n<meta name=\"twitter:card\" content=\"summary_large_image\" \/>\n<meta name=\"twitter:label1\" content=\"Dur\u00e9e de lecture estim\u00e9e\" \/>\n\t<meta name=\"twitter:data1\" content=\"1 minute\" \/>\n<script type=\"application\/ld+json\" class=\"yoast-schema-graph\">{\"@context\":\"https:\/\/schema.org\",\"@graph\":[{\"@type\":\"WebPage\",\"@id\":\"https:\/\/protestants-haguenau.fr\/index.php\/bar-a-jeux\/\",\"url\":\"https:\/\/protestants-haguenau.fr\/index.php\/bar-a-jeux\/\",\"name\":\"Bar \u00e0 jeux - Paroisse Protestante de Haguenau\",\"isPartOf\":{\"@id\":\"https:\/\/protestants-haguenau.fr\/#website\"},\"datePublished\":\"2025-11-25T12:41:20+00:00\",\"dateModified\":\"2025-11-27T15:47:57+00:00\",\"breadcrumb\":{\"@id\":\"https:\/\/protestants-haguenau.fr\/index.php\/bar-a-jeux\/#breadcrumb\"},\"inLanguage\":\"fr-FR\",\"potentialAction\":[{\"@type\":\"ReadAction\",\"target\":[\"https:\/\/protestants-haguenau.fr\/index.php\/bar-a-jeux\/\"]}]},{\"@type\":\"BreadcrumbList\",\"@id\":\"https:\/\/protestants-haguenau.fr\/index.php\/bar-a-jeux\/#breadcrumb\",\"itemListElement\":[{\"@type\":\"ListItem\",\"position\":1,\"name\":\"Accueil\",\"item\":\"https:\/\/protestants-haguenau.fr\/\"},{\"@type\":\"ListItem\",\"position\":2,\"name\":\"Bar \u00e0 jeux\"}]},{\"@type\":\"WebSite\",\"@id\":\"https:\/\/protestants-haguenau.fr\/#website\",\"url\":\"https:\/\/protestants-haguenau.fr\/\",\"name\":\"Paroisse Protestante de Haguenau\",\"description\":\"Actualit\u00e9s et informations\",\"publisher\":{\"@id\":\"https:\/\/protestants-haguenau.fr\/#organization\"},\"potentialAction\":[{\"@type\":\"SearchAction\",\"target\":{\"@type\":\"EntryPoint\",\"urlTemplate\":\"https:\/\/protestants-haguenau.fr\/?s={search_term_string}\"},\"query-input\":{\"@type\":\"PropertyValueSpecification\",\"valueRequired\":true,\"valueName\":\"search_term_string\"}}],\"inLanguage\":\"fr-FR\"},{\"@type\":\"Organization\",\"@id\":\"https:\/\/protestants-haguenau.fr\/#organization\",\"name\":\"Paroisse Protestante de Haguenau\",\"url\":\"https:\/\/protestants-haguenau.fr\/\",\"logo\":{\"@type\":\"ImageObject\",\"inLanguage\":\"fr-FR\",\"@id\":\"https:\/\/protestants-haguenau.fr\/#\/schema\/logo\/image\/\",\"url\":\"https:\/\/protestants-haguenau.fr\/wp-content\/uploads\/2025\/11\/cropped-Plan-de-travail-5.png\",\"contentUrl\":\"https:\/\/protestants-haguenau.fr\/wp-content\/uploads\/2025\/11\/cropped-Plan-de-travail-5.png\",\"width\":300,\"height\":138,\"caption\":\"Paroisse Protestante de Haguenau\"},\"image\":{\"@id\":\"https:\/\/protestants-haguenau.fr\/#\/schema\/logo\/image\/\"},\"sameAs\":[\"https:\/\/www.facebook.com\/paroisseprotestantehaguenau\/?locale=fr_FR\",\"https:\/\/www.instagram.com\/paroisseprotestantehaguenau\/\"]}]}<\/script>\n<!-- \/ Yoast SEO plugin. -->","yoast_head_json":{"title":"Bar \u00e0 jeux - Paroisse Protestante de Haguenau","robots":{"index":"index","follow":"follow","max-snippet":"max-snippet:-1","max-image-preview":"max-image-preview:large","max-video-preview":"max-video-preview:-1"},"canonical":"https:\/\/protestants-haguenau.fr\/index.php\/bar-a-jeux\/","og_locale":"fr_FR","og_type":"article","og_title":"Bar \u00e0 jeux - Paroisse Protestante de Haguenau","og_description":"Proverbes 17,22\u00ab Un c\u0153ur joyeux est un bon rem\u00e8de. \u00bb Un vendredi par mois, la paroisse se transforme en bar \u00e0 jeux : un espace chaleureux et totalement interg\u00e9n\u00e9rationnel o\u00f9 En savoir plus...","og_url":"https:\/\/protestants-haguenau.fr\/index.php\/bar-a-jeux\/","og_site_name":"Paroisse Protestante de Haguenau","article_publisher":"https:\/\/www.facebook.com\/paroisseprotestantehaguenau\/?locale=fr_FR","article_modified_time":"2025-11-27T15:47:57+00:00","og_image":[{"width":1200,"height":514,"url":"https:\/\/protestants-haguenau.fr\/wp-content\/uploads\/2026\/03\/Images-banniere-site.png","type":"image\/png"}],"twitter_card":"summary_large_image","twitter_misc":{"Dur\u00e9e de lecture estim\u00e9e":"1 minute"},"schema":{"@context":"https:\/\/schema.org","@graph":[{"@type":"WebPage","@id":"https:\/\/protestants-haguenau.fr\/index.php\/bar-a-jeux\/","url":"https:\/\/protestants-haguenau.fr\/index.php\/bar-a-jeux\/","name":"Bar \u00e0 jeux - Paroisse Protestante de Haguenau","isPartOf":{"@id":"https:\/\/protestants-haguenau.fr\/#website"},"datePublished":"2025-11-25T12:41:20+00:00","dateModified":"2025-11-27T15:47:57+00:00","breadcrumb":{"@id":"https:\/\/protestants-haguenau.fr\/index.php\/bar-a-jeux\/#breadcrumb"},"inLanguage":"fr-FR","potentialAction":[{"@type":"ReadAction","target":["https:\/\/protestants-haguenau.fr\/index.php\/bar-a-jeux\/"]}]},{"@type":"BreadcrumbList","@id":"https:\/\/protestants-haguenau.fr\/index.php\/bar-a-jeux\/#breadcrumb","itemListElement":[{"@type":"ListItem","position":1,"name":"Accueil","item":"https:\/\/protestants-haguenau.fr\/"},{"@type":"ListItem","position":2,"name":"Bar \u00e0 jeux"}]},{"@type":"WebSite","@id":"https:\/\/protestants-haguenau.fr\/#website","url":"https:\/\/protestants-haguenau.fr\/","name":"Paroisse Protestante de Haguenau","description":"Actualit\u00e9s et informations","publisher":{"@id":"https:\/\/protestants-haguenau.fr\/#organization"},"potentialAction":[{"@type":"SearchAction","target":{"@type":"EntryPoint","urlTemplate":"https:\/\/protestants-haguenau.fr\/?s={search_term_string}"},"query-input":{"@type":"PropertyValueSpecification","valueRequired":true,"valueName":"search_term_string"}}],"inLanguage":"fr-FR"},{"@type":"Organization","@id":"https:\/\/protestants-haguenau.fr\/#organization","name":"Paroisse Protestante de Haguenau","url":"https:\/\/protestants-haguenau.fr\/","logo":{"@type":"ImageObject","inLanguage":"fr-FR","@id":"https:\/\/protestants-haguenau.fr\/#\/schema\/logo\/image\/","url":"https:\/\/protestants-haguenau.fr\/wp-content\/uploads\/2025\/11\/cropped-Plan-de-travail-5.png","contentUrl":"https:\/\/protestants-haguenau.fr\/wp-content\/uploads\/2025\/11\/cropped-Plan-de-travail-5.png","width":300,"height":138,"caption":"Paroisse Protestante de Haguenau"},"image":{"@id":"https:\/\/protestants-haguenau.fr\/#\/schema\/logo\/image\/"},"sameAs":["https:\/\/www.facebook.com\/paroisseprotestantehaguenau\/?locale=fr_FR","https:\/\/www.instagram.com\/paroisseprotestantehaguenau\/"]}]}},"_links":{"self":[{"href":"https:\/\/protestants-haguenau.fr\/index.php\/wp-json\/wp\/v2\/pages\/801","targetHints":{"allow":["GET"]}}],"collection":[{"href":"https:\/\/protestants-haguenau.fr\/index.php\/wp-json\/wp\/v2\/pages"}],"about":[{"href":"https:\/\/protestants-haguenau.fr\/index.php\/wp-json\/wp\/v2\/types\/page"}],"author":[{"embeddable":true,"href":"https:\/\/protestants-haguenau.fr\/index.php\/wp-json\/wp\/v2\/users\/1"}],"replies":[{"embeddable":true,"href":"https:\/\/protestants-haguenau.fr\/index.php\/wp-json\/wp\/v2\/comments?post=801"}],"version-history":[{"count":2,"href":"https:\/\/protestants-haguenau.fr\/index.php\/wp-json\/wp\/v2\/pages\/801\/revisions"}],"predecessor-version":[{"id":962,"href":"https:\/\/protestants-haguenau.fr\/index.php\/wp-json\/wp\/v2\/pages\/801\/revisions\/962"}],"wp:attachment":[{"href":"https:\/\/protestants-haguenau.fr\/index.php\/wp-json\/wp\/v2\/media?parent=801"}],"curies":[{"name":"wp","href":"https:\/\/api.w.org\/{rel}","templated":true}]}}